{"id":640,"date":"2020-11-19T16:11:44","date_gmt":"2020-11-19T14:11:44","guid":{"rendered":"https:\/\/helpautism.ro\/shop\/?post_type=product&#038;p=640"},"modified":"2026-04-30T21:27:59","modified_gmt":"2026-04-30T18:27:59","slug":"motivul-pentru-care-sar-naoki-higashida","status":"publish","type":"product","link":"https:\/\/helpautism.ro\/shop\/produs\/motivul-pentru-care-sar-naoki-higashida\/","title":{"rendered":"Motivul pentru care sar"},"content":{"rendered":"<p>[vc_row][vc_column width=&#8221;1\/2&#8243;][vc_column_text]<\/p>\n<h3>Despre autori<\/h3>\n<p>Naoki Higashida este n\u0103scut \u00een\u00a0Kimitsu, Japonia, \u00een anul 1992. A fost\u00a0diagnosticat cu autism sever la v\u00e2rsta\u00a0de 5 ani, ulterior a \u00eenv\u0103\u021bat s\u0103 comunice\u00a0folosind un alfabet confec\u021bionat\u00a0de m\u00e2n\u0103 \u0219i a \u00eenceput s\u0103 scrie poeme\u00a0\u0219i proz\u0103 scurt\u0103. La v\u00e2rsta de 13 ani a\u00a0scris Motivul pentru care sar, carte\u00a0tradus\u0103 \u00een limba englez\u0103 \u00een anul 2013\u00a0\u0219i apoi \u00een alte 30 de limbi de circula\u021bie\u00a0interna\u021bional\u0103. \u00cen 2014, un documentar\u00a0dup\u0103 via\u021ba sa a primit un premiu\u00a0de televiziune, iar \u00een prezent Naoki\u00a0sus\u021bine conferin\u021be \u00een \u00eentreaga lume\u00a0despre experien\u021ba sa cu autismul.[\/vc_column_text][\/vc_column][vc_column width=&#8221;1\/2&#8243;][vc_empty_space height=&#8221;20px&#8221;][vc_single_image image=&#8221;647&#8243; img_size=&#8221;medium&#8221;][\/vc_column][\/vc_row][vc_row][vc_column width=&#8221;1\/2&#8243;]<div class=\"icon_box icon_position_top no_border\"><div class=\"icon_wrapper\"><div class=\"icon\"><i class=\"icon-book\" aria-hidden=\"true\"><\/i><\/div><\/div><div class=\"desc_wrapper\"><div class=\"desc\"><b>144 pagini<\/b><br \/>\n<b>Soft cover, l\u0103cuire selectiv\u0103<\/b><br \/>\n<b>ISBN<\/b><\/div><\/div><\/div>\n[\/vc_column][vc_column width=&#8221;1\/2&#8243;]<div class=\"icon_box icon_position_top no_border\"><div class=\"icon_wrapper\"><div class=\"icon\"><i class=\"icon-lamp\" aria-hidden=\"true\"><\/i><\/div><\/div><div class=\"desc_wrapper\"><div class=\"desc\"><b>Traducere din limba englez\u0103:<\/b> Radu \u0218orop<br \/>\n<b>Coordonare editorial\u0103:<\/b> Doru Some\u0219an<br \/>\n<b>Proiect \u00eengrijit de:<\/b> Raluca Bogdan<br \/>\n<b>Lectura de specialitate:<\/b> Tiberiu Bratu<br \/>\n<b>Corectur\u0103:<\/b> Rodica Cre\u021bu<br \/>\n<b>DTP:<\/b> R\u0103zvan Nasea<br \/>\n<b>Copert\u0103:<\/b> Andrei Gamar\u021b<\/div><\/div><\/div>\n[\/vc_column][\/vc_row][vc_row][vc_column][vc_column_text]\u201eMotivul pentru care sar este o adev\u0103rat\u0103 piatr\u0103 din\u00a0Rosetta. Lectura dureaz\u0103 ceva mai mult de 90 de minute,\u00a0dar viziunea asupra ceea ce \u00eenseamn\u0103 s\u0103 fim umani va fi\u00a0mult l\u0103rgit\u0103.\u201d<\/p>\n<p><strong>Andrew Solomon, autorul c\u0103r\u021bii Demonul amiezii<\/strong><\/p>\n<p>\u201eUna dintre cele mai remarcabile c\u0103r\u021bi pe care le-am\u00a0citit vreodat\u0103. O lectur\u0103 vie, care-\u021bi deschide mintea \u0219i te\u00a0mi\u0219c\u0103 \u00eentr-un mod profund.\u201d<\/p>\n<p><strong>Jon Stewart, The Daily Show<\/strong><\/p>\n<p>\u201eProblema este c\u0103 mul\u021bi copii cu autism nu au\u00a0mijloacele de a se exprima, iar deseori nici m\u0103car p\u0103rin\u021bii lor\u00a0nu au vreo idee despre ce ar putea ei g\u00e2ndi. A\u0219a c\u0103 marea\u00a0mea speran\u021b\u0103 este c\u0103 voi putea ajuta pu\u021bin, explic\u00e2nd \u00een\u00a0felul meu ce se \u00eent\u00e2mpl\u0103 \u00een mintea persoanelor cu autism.\u00a0Sper \u0219i c\u0103, dup\u0103 ce ai citit aceast\u0103 carte, ai putea deveni un\u00a0prieten mai bun al unei persoane cu autism.\u201d<\/p>\n<p><strong>Naoki Higashida<\/strong>[\/vc_column_text][\/vc_column][vc_column width=&#8221;1\/3&#8243;][vc_single_image image=&#8221;212&#8243; img_size=&#8221;large&#8221;][\/vc_column][vc_column width=&#8221;2\/3&#8243;][vc_empty_space height=&#8221;20px&#8221;][vc_column_text]<\/p>\n<h3>Despre colec\u021bie<\/h3>\n<p><strong>AHA BOOKS<\/strong>\u00a0este un proiect editorial care are drept obiectiv\u00a0sporirea gradului de con\u0219tientizare asupra tulbur\u0103rii din spectrul\u00a0autist. Cu trei direc\u021bii editoriale, AHAkids, AHAtruestory \u0219i AHAlearn,\u00a0proiectul va oferi cititorului interesat o imagine complet\u0103 asupra\u00a0modului de manifestare a unor min\u021bi diferite \u0219i diverse.\u00a0<strong>Un demers editorial, care \u00eenainte de toate, \u00ee\u0219i propune s\u0103 fac\u0103 bine.<\/strong>[\/vc_column_text][\/vc_column][\/vc_row]<\/p>\n","protected":false},"excerpt":{"rendered":"<p><strong> de Naoki Higashida<\/strong><\/p>\n<p>Nu a\u021bi citit niciodat\u0103 o carte precum <em>Motivul pentru care sar. Vocea interioar\u0103 a unui copil de 13 ani cu autism<\/em>\u00a0scris\u0103 de Naoki Higashida, un b\u0103iat de 13 ani, cu autism, inteligent \u0219i foarte fermec\u0103tor, este o carte de memorii extraordinar\u0103 care ne arat\u0103 cum mintea unei persoane din spectrul autist g\u00e2nde\u0219te, simte, percepe \u0219i r\u0103spunde \u00een moduri \u00een care nu ne putem imagina. P\u0103rin\u021bi \u0219i membri ai familiei care nu au crezut niciodat\u0103 c\u0103 vor reu\u0219i s\u0103 p\u0103trund\u0103 \u00een mintea unei persoane dragi cu autism au acum ocazia unei priviri din interior curioase, subtile \u0219i complexe.<\/p>\n","protected":false},"featured_media":646,"comment_status":"open","ping_status":"closed","template":"","meta":{"content-type":""},"product_brand":[],"product_cat":[19],"product_tag":[32],"class_list":{"0":"post-640","1":"product","2":"type-product","3":"status-publish","4":"has-post-thumbnail","6":"product_cat-aha-books","7":"product_tag-motivulpentrucaresare-carteautism","9":"first","10":"instock","11":"taxable","12":"shipping-taxable","13":"purchasable","14":"product-type-simple"},"yoast_head":"<!-- This site is optimized with the Yoast SEO plugin v27.1 - https:\/\/yoast.com\/product\/yoast-seo-wordpress\/ -->\n<title>Motivul pentru care sar - AHAShop<\/title>\n<meta name=\"description\" content=\"Motivul pentru care sar.\u00a0Vocea interioar\u0103 a unui copil de 13 ani cu autism\u00a0este cartea scris\u0103 de Naoki Hagashida la\u00a0v\u00e2rsta de 13 ani, tradus\u0103 \u00een limba englez\u0103 \u00een anul 2013\u00a0\u0219i apoi \u00een alte 30 de limbi de circula\u021bie\u00a0interna\u021bional\u0103.\" \/>\n<meta name=\"robots\" content=\"index, follow, max-snippet:-1, max-image-preview:large, max-video-preview:-1\" \/>\n<link rel=\"canonical\" href=\"https:\/\/helpautism.ro\/shop\/produs\/motivul-pentru-care-sar-naoki-higashida\/\" \/>\n<meta property=\"og:locale\" content=\"ro_RO\" \/>\n<meta property=\"og:type\" content=\"article\" \/>\n<meta property=\"og:title\" content=\"Motivul pentru care sar - AHAShop\" \/>\n<meta property=\"og:description\" content=\"Motivul pentru care sar.\u00a0Vocea interioar\u0103 a unui copil de 13 ani cu autism\u00a0este cartea scris\u0103 de Naoki Hagashida la\u00a0v\u00e2rsta de 13 ani, tradus\u0103 \u00een limba englez\u0103 \u00een anul 2013\u00a0\u0219i apoi \u00een alte 30 de limbi de circula\u021bie\u00a0interna\u021bional\u0103.\" \/>\n<meta property=\"og:url\" content=\"https:\/\/helpautism.ro\/shop\/produs\/motivul-pentru-care-sar-naoki-higashida\/\" \/>\n<meta property=\"og:site_name\" content=\"AHAShop\" \/>\n<meta property=\"article:modified_time\" content=\"2026-04-30T18:27:59+00:00\" \/>\n<meta property=\"og:image\" content=\"https:\/\/helpautism.ro\/shop\/wp-content\/uploads\/2020\/11\/AHABooks_Motivul-pentru-care-sar_Naoki-Higashida.png\" \/>\n\t<meta property=\"og:image:width\" content=\"2000\" \/>\n\t<meta property=\"og:image:height\" content=\"1334\" \/>\n\t<meta property=\"og:image:type\" content=\"image\/png\" \/>\n<meta name=\"twitter:card\" content=\"summary_large_image\" \/>\n<meta name=\"twitter:label1\" content=\"Timp estimat pentru citire\" \/>\n\t<meta name=\"twitter:data1\" content=\"3 minute\" \/>\n<script type=\"application\/ld+json\" class=\"yoast-schema-graph\">{\"@context\":\"https:\/\/schema.org\",\"@graph\":[{\"@type\":\"WebPage\",\"@id\":\"https:\/\/helpautism.ro\/shop\/produs\/motivul-pentru-care-sar-naoki-higashida\/\",\"url\":\"https:\/\/helpautism.ro\/shop\/produs\/motivul-pentru-care-sar-naoki-higashida\/\",\"name\":\"Motivul pentru care sar - AHAShop\",\"isPartOf\":{\"@id\":\"https:\/\/helpautism.ro\/shop\/#website\"},\"primaryImageOfPage\":{\"@id\":\"https:\/\/helpautism.ro\/shop\/produs\/motivul-pentru-care-sar-naoki-higashida\/#primaryimage\"},\"image\":{\"@id\":\"https:\/\/helpautism.ro\/shop\/produs\/motivul-pentru-care-sar-naoki-higashida\/#primaryimage\"},\"thumbnailUrl\":\"https:\/\/helpautism.ro\/shop\/wp-content\/uploads\/2020\/11\/AHABooks_Motivul-pentru-care-sar_Naoki-Higashida.png\",\"datePublished\":\"2020-11-19T14:11:44+00:00\",\"dateModified\":\"2026-04-30T18:27:59+00:00\",\"description\":\"Motivul pentru care sar.\u00a0Vocea interioar\u0103 a unui copil de 13 ani cu autism\u00a0este cartea scris\u0103 de Naoki Hagashida la\u00a0v\u00e2rsta de 13 ani, tradus\u0103 \u00een limba englez\u0103 \u00een anul 2013\u00a0\u0219i apoi \u00een alte 30 de limbi de circula\u021bie\u00a0interna\u021bional\u0103.\",\"breadcrumb\":{\"@id\":\"https:\/\/helpautism.ro\/shop\/produs\/motivul-pentru-care-sar-naoki-higashida\/#breadcrumb\"},\"inLanguage\":\"ro-RO\",\"potentialAction\":[{\"@type\":\"ReadAction\",\"target\":[\"https:\/\/helpautism.ro\/shop\/produs\/motivul-pentru-care-sar-naoki-higashida\/\"]}]},{\"@type\":\"ImageObject\",\"inLanguage\":\"ro-RO\",\"@id\":\"https:\/\/helpautism.ro\/shop\/produs\/motivul-pentru-care-sar-naoki-higashida\/#primaryimage\",\"url\":\"https:\/\/helpautism.ro\/shop\/wp-content\/uploads\/2020\/11\/AHABooks_Motivul-pentru-care-sar_Naoki-Higashida.png\",\"contentUrl\":\"https:\/\/helpautism.ro\/shop\/wp-content\/uploads\/2020\/11\/AHABooks_Motivul-pentru-care-sar_Naoki-Higashida.png\",\"width\":2000,\"height\":1334},{\"@type\":\"BreadcrumbList\",\"@id\":\"https:\/\/helpautism.ro\/shop\/produs\/motivul-pentru-care-sar-naoki-higashida\/#breadcrumb\",\"itemListElement\":[{\"@type\":\"ListItem\",\"position\":1,\"name\":\"Prima pagin\u0103\",\"item\":\"https:\/\/helpautism.ro\/shop\/\"},{\"@type\":\"ListItem\",\"position\":2,\"name\":\"MAGAZIN\",\"item\":\"https:\/\/helpautism.ro\/shop\/magazin\/\"},{\"@type\":\"ListItem\",\"position\":3,\"name\":\"Motivul pentru care sar\"}]},{\"@type\":\"WebSite\",\"@id\":\"https:\/\/helpautism.ro\/shop\/#website\",\"url\":\"https:\/\/helpautism.ro\/shop\/\",\"name\":\"AHAShop\",\"description\":\"Orice copil merita sansa la recuperare si orice parinte merita sprijin, fiindca niciunul dintre ei nu poarta vina existentei autismului in viata lor.\",\"publisher\":{\"@id\":\"https:\/\/helpautism.ro\/shop\/#organization\"},\"potentialAction\":[{\"@type\":\"SearchAction\",\"target\":{\"@type\":\"EntryPoint\",\"urlTemplate\":\"https:\/\/helpautism.ro\/shop\/?s={search_term_string}\"},\"query-input\":{\"@type\":\"PropertyValueSpecification\",\"valueRequired\":true,\"valueName\":\"search_term_string\"}}],\"inLanguage\":\"ro-RO\"},{\"@type\":\"Organization\",\"@id\":\"https:\/\/helpautism.ro\/shop\/#organization\",\"name\":\"AHAShop\",\"url\":\"https:\/\/helpautism.ro\/shop\/\",\"logo\":{\"@type\":\"ImageObject\",\"inLanguage\":\"ro-RO\",\"@id\":\"https:\/\/helpautism.ro\/shop\/#\/schema\/logo\/image\/\",\"url\":\"https:\/\/helpautism.ro\/shop\/wp-content\/uploads\/2020\/10\/cropped-AHA_BOOKS_AHA_black.png\",\"contentUrl\":\"https:\/\/helpautism.ro\/shop\/wp-content\/uploads\/2020\/10\/cropped-AHA_BOOKS_AHA_black.png\",\"width\":376,\"height\":329,\"caption\":\"AHAShop\"},\"image\":{\"@id\":\"https:\/\/helpautism.ro\/shop\/#\/schema\/logo\/image\/\"}}]}<\/script>\n<!-- \/ Yoast SEO plugin. -->","yoast_head_json":{"title":"Motivul pentru care sar - AHAShop","description":"Motivul pentru care sar.\u00a0Vocea interioar\u0103 a unui copil de 13 ani cu autism\u00a0este cartea scris\u0103 de Naoki Hagashida la\u00a0v\u00e2rsta de 13 ani, tradus\u0103 \u00een limba englez\u0103 \u00een anul 2013\u00a0\u0219i apoi \u00een alte 30 de limbi de circula\u021bie\u00a0interna\u021bional\u0103.","robots":{"index":"index","follow":"follow","max-snippet":"max-snippet:-1","max-image-preview":"max-image-preview:large","max-video-preview":"max-video-preview:-1"},"canonical":"https:\/\/helpautism.ro\/shop\/produs\/motivul-pentru-care-sar-naoki-higashida\/","og_locale":"ro_RO","og_type":"article","og_title":"Motivul pentru care sar - AHAShop","og_description":"Motivul pentru care sar.\u00a0Vocea interioar\u0103 a unui copil de 13 ani cu autism\u00a0este cartea scris\u0103 de Naoki Hagashida la\u00a0v\u00e2rsta de 13 ani, tradus\u0103 \u00een limba englez\u0103 \u00een anul 2013\u00a0\u0219i apoi \u00een alte 30 de limbi de circula\u021bie\u00a0interna\u021bional\u0103.","og_url":"https:\/\/helpautism.ro\/shop\/produs\/motivul-pentru-care-sar-naoki-higashida\/","og_site_name":"AHAShop","article_modified_time":"2026-04-30T18:27:59+00:00","og_image":[{"width":2000,"height":1334,"url":"https:\/\/helpautism.ro\/shop\/wp-content\/uploads\/2020\/11\/AHABooks_Motivul-pentru-care-sar_Naoki-Higashida.png","type":"image\/png"}],"twitter_card":"summary_large_image","twitter_misc":{"Timp estimat pentru citire":"3 minute"},"schema":{"@context":"https:\/\/schema.org","@graph":[{"@type":"WebPage","@id":"https:\/\/helpautism.ro\/shop\/produs\/motivul-pentru-care-sar-naoki-higashida\/","url":"https:\/\/helpautism.ro\/shop\/produs\/motivul-pentru-care-sar-naoki-higashida\/","name":"Motivul pentru care sar - AHAShop","isPartOf":{"@id":"https:\/\/helpautism.ro\/shop\/#website"},"primaryImageOfPage":{"@id":"https:\/\/helpautism.ro\/shop\/produs\/motivul-pentru-care-sar-naoki-higashida\/#primaryimage"},"image":{"@id":"https:\/\/helpautism.ro\/shop\/produs\/motivul-pentru-care-sar-naoki-higashida\/#primaryimage"},"thumbnailUrl":"https:\/\/helpautism.ro\/shop\/wp-content\/uploads\/2020\/11\/AHABooks_Motivul-pentru-care-sar_Naoki-Higashida.png","datePublished":"2020-11-19T14:11:44+00:00","dateModified":"2026-04-30T18:27:59+00:00","description":"Motivul pentru care sar.\u00a0Vocea interioar\u0103 a unui copil de 13 ani cu autism\u00a0este cartea scris\u0103 de Naoki Hagashida la\u00a0v\u00e2rsta de 13 ani, tradus\u0103 \u00een limba englez\u0103 \u00een anul 2013\u00a0\u0219i apoi \u00een alte 30 de limbi de circula\u021bie\u00a0interna\u021bional\u0103.","breadcrumb":{"@id":"https:\/\/helpautism.ro\/shop\/produs\/motivul-pentru-care-sar-naoki-higashida\/#breadcrumb"},"inLanguage":"ro-RO","potentialAction":[{"@type":"ReadAction","target":["https:\/\/helpautism.ro\/shop\/produs\/motivul-pentru-care-sar-naoki-higashida\/"]}]},{"@type":"ImageObject","inLanguage":"ro-RO","@id":"https:\/\/helpautism.ro\/shop\/produs\/motivul-pentru-care-sar-naoki-higashida\/#primaryimage","url":"https:\/\/helpautism.ro\/shop\/wp-content\/uploads\/2020\/11\/AHABooks_Motivul-pentru-care-sar_Naoki-Higashida.png","contentUrl":"https:\/\/helpautism.ro\/shop\/wp-content\/uploads\/2020\/11\/AHABooks_Motivul-pentru-care-sar_Naoki-Higashida.png","width":2000,"height":1334},{"@type":"BreadcrumbList","@id":"https:\/\/helpautism.ro\/shop\/produs\/motivul-pentru-care-sar-naoki-higashida\/#breadcrumb","itemListElement":[{"@type":"ListItem","position":1,"name":"Prima pagin\u0103","item":"https:\/\/helpautism.ro\/shop\/"},{"@type":"ListItem","position":2,"name":"MAGAZIN","item":"https:\/\/helpautism.ro\/shop\/magazin\/"},{"@type":"ListItem","position":3,"name":"Motivul pentru care sar"}]},{"@type":"WebSite","@id":"https:\/\/helpautism.ro\/shop\/#website","url":"https:\/\/helpautism.ro\/shop\/","name":"AHAShop","description":"Orice copil merita sansa la recuperare si orice parinte merita sprijin, fiindca niciunul dintre ei nu poarta vina existentei autismului in viata lor.","publisher":{"@id":"https:\/\/helpautism.ro\/shop\/#organization"},"potentialAction":[{"@type":"SearchAction","target":{"@type":"EntryPoint","urlTemplate":"https:\/\/helpautism.ro\/shop\/?s={search_term_string}"},"query-input":{"@type":"PropertyValueSpecification","valueRequired":true,"valueName":"search_term_string"}}],"inLanguage":"ro-RO"},{"@type":"Organization","@id":"https:\/\/helpautism.ro\/shop\/#organization","name":"AHAShop","url":"https:\/\/helpautism.ro\/shop\/","logo":{"@type":"ImageObject","inLanguage":"ro-RO","@id":"https:\/\/helpautism.ro\/shop\/#\/schema\/logo\/image\/","url":"https:\/\/helpautism.ro\/shop\/wp-content\/uploads\/2020\/10\/cropped-AHA_BOOKS_AHA_black.png","contentUrl":"https:\/\/helpautism.ro\/shop\/wp-content\/uploads\/2020\/10\/cropped-AHA_BOOKS_AHA_black.png","width":376,"height":329,"caption":"AHAShop"},"image":{"@id":"https:\/\/helpautism.ro\/shop\/#\/schema\/logo\/image\/"}}]}},"_links":{"self":[{"href":"https:\/\/helpautism.ro\/shop\/wp-json\/wp\/v2\/product\/640","targetHints":{"allow":["GET"]}}],"collection":[{"href":"https:\/\/helpautism.ro\/shop\/wp-json\/wp\/v2\/product"}],"about":[{"href":"https:\/\/helpautism.ro\/shop\/wp-json\/wp\/v2\/types\/product"}],"replies":[{"embeddable":true,"href":"https:\/\/helpautism.ro\/shop\/wp-json\/wp\/v2\/comments?post=640"}],"wp:featuredmedia":[{"embeddable":true,"href":"https:\/\/helpautism.ro\/shop\/wp-json\/wp\/v2\/media\/646"}],"wp:attachment":[{"href":"https:\/\/helpautism.ro\/shop\/wp-json\/wp\/v2\/media?parent=640"}],"wp:term":[{"taxonomy":"product_brand","embeddable":true,"href":"https:\/\/helpautism.ro\/shop\/wp-json\/wp\/v2\/product_brand?post=640"},{"taxonomy":"product_cat","embeddable":true,"href":"https:\/\/helpautism.ro\/shop\/wp-json\/wp\/v2\/product_cat?post=640"},{"taxonomy":"product_tag","embeddable":true,"href":"https:\/\/helpautism.ro\/shop\/wp-json\/wp\/v2\/product_tag?post=640"}],"curies":[{"name":"wp","href":"https:\/\/api.w.org\/{rel}","templated":true}]}}